common divisor of 675 and 96453.
9
Calculate the greatest common factor of 415 and 38195687.
83
What is the greatest common divisor of 14 and 34945022?
14
Calculate the highest common factor of 85854 and 1842.
6
Calculate the greatest common divisor of 56 and 130303257.
7
Calculate the greatest common factor of 5369 and 70505.
59
Calculate the greatest common divisor of 2520 and 1627416.
504
Calculate the greatest common divisor of 4262 and 211815007.
2131
Calculate the highest common factor of 886107 and 4374805.
5573
What is the highest common divisor of 748293 and 8190?
273
Calculate the greatest common factor of 24794 and 502711.
253
Calculate the greatest common factor of 152352 and 4391229.
1587
Calculate the highest common factor of 42522583 and 148.
37
Calculate the highest common factor of 76 and 3345971516.
76
Calculate the highest common divisor of 306 and 48926.
34
Calculate the greatest common divisor of 364370302 and 2.
2
What is the highest common divisor of 2626 and 2375318?
202
Calculate the greatest common factor of 55266 and 1593654.
906
What is the highest common divisor of 2084317 and 29725?
1189
Calculate the greatest common divisor of 1080842 and 839818.
3766
Calculate the highest common divisor of 540 and 82203084.
36
What is the highest common divisor of 202646 and 438?
2
What is the greatest common factor of 168116 and 7447856?
3172
Calculate the greatest common divisor of 19032986 and 34.
2
Calculate the greatest common factor of 357707625 and 375.
375
What is the highest common divisor of 15487416 and 252?
252
Calculate the highest common divisor of 97 and 25731481.
97
What is the highest common divisor of 315169089 and 1689?
1689
What is the greatest common factor of 2308 and 95518888?
2308
What is the highest common divisor of 5343 and 110994?
39
What is the greatest common divisor of 3555 and 4694535?
45
Calculate the highest common divisor of 264369 and 30933.
21
Calculate the highest common factor of 27272 and 5082332.
1948
What is the greatest common factor of 180 and 14982390?
90
Calculate the greatest common divisor of 13657 and 19266125.
1951
Calculate the highest common divisor of 690 and 1847760.
30
What is the highest common divisor of 2511 and 13440087?
81
Calculate the highest common divisor of 142760 and 200694.
166
Calculate the greatest common factor of 18 and 4759164.
18
What is the highest common divisor of 88291513 and 301?
43
What is the greatest common factor of 5378452 and 12524?
404
What is the highest common factor of 13199 and 288014?
197
What is the highest common factor of 4686759 and 315?
63
Calculate the greatest common divisor of 2465632 and 312.
104
Calculate the greatest common factor of 728 and 2006277.
91
What is the highest common divisor of 240582 and 3864462?
606
What is the highest common divisor of 6832444 and 6412?
916
What is the highest common divisor of 3499191 and 1506?
753
What is the greatest common factor of 6440 and 46210864?
1288
Calculate the greatest common divisor of 8943128 and 93.
31
What is the greatest common divisor of 380 and 5775020?
20
What is the highest common factor of 87978 and 1032?
258
Calculate the greatest common divisor of 60 and 102131790.
30
What is the highest common factor of 223320 and 2040?
120
Calculate the greatest common factor of 9823 and 7909.
11
What is the highest common divisor of 964 and 20223997?
241
What is the highest common factor of 11676890 and 90?
10
What is the highest common factor of 31440 and 3088560?
240
What is the highest common factor of 41250 and 504908250?
8250
Calculate the greatest common divisor of 342 and 2595248.
38
Calculate the highest common factor of 40276313 and 8547.
2849
What is the highest common divisor of 219 and 69290213?
73
Calculate the greatest common divisor of 317 and 5049.
1
What is the greatest common divisor of 5355 and 6860945?
595
Calculate the highest common factor of 20583 and 52614.
9
What is the highest common factor of 37660 and 112420?
140
Calculate the greatest common factor of 33 and 45635711.
11
What is the highest common factor of 16018441 and 118?
59
Calculate the highest common divisor of 327726 and 760614.
102
What is the highest common divisor of 159720001 and 1211?
1211
What is the greatest common factor of 720366708 and 12?
12
What is the highest common factor of 406871 and 425947?
251
What is the greatest common divisor of 49390 and 47630?
110
Calculate the highest common factor of 11032 and 1676360.
56
Calculate the greatest common divisor of 1299772 and 4293.
53
Calculate the greatest common factor of 7521 and 125477857.
2507
Calculate the greatest common factor of 45 and 2665341.
9
Calculate the greatest common divisor of 173363292 and 36.
36
What is the greatest common factor of 300370 and 600?
10
Calculate the highest common factor of 25446 and 252.
6
What is the highest common factor of 570 and 10138210?
190
Calculate the greatest common factor of 235 and 67631590.
235
Calculate the highest common factor of 17346307 and 11.
11
Calculate the greatest common divisor of 23517 and 248319.
27
Calculate the greatest common divisor of 2893509 and 118017.
837
Calculate the highest common divisor of 55 and 3379555.
5
What is the highest common factor of 38 and 1060813795?
19
What is the greatest common divisor of 169475 and 6425?
25
Calculate the highest common divisor of 2004436 and 40800.
68
Calculate the greatest common factor of 10072 and 573142124.
5036
What is the greatest common divisor of 2784 and 4603112?
232
What is the greatest common factor of 9608 and 309283922?
2402
What is the highest common divisor of 8464 and 75118?
1058
What is the highest common divisor of 8301695 and 505?
505
Calculate the highest common factor of 43946 and 372638.
602
Calculate the greatest common divisor of 789040560 and 144.
48
What is the greatest common divisor of 32979 and 288?
3
Calculate the highest common factor of 4953882 and 129.
3
What is the highest common divisor of 891 and 914925?
33
Calculate the greatest common divisor of 3995701 and 428.
107
Calculate the greatest common factor of 784932 and 380613.
1317
What is the highest common divisor of 85231 and 9078571?
2939
Calculate the highest common divisor of 2393394 and 8.
2
Calculate the greatest common factor of 966 and 1388418.
138
Calculate the greatest common factor of 1541 and 196617731.
1541
Calculate the greatest common factor of 264 and 2871165.
33
What is the highest common divisor of 433 and 266733629?
433
What is the greatest common divisor of 4500 and 43167900?
300
Calculate the highest common factor of 5376729 and 333.
111
Calculate the greatest common divisor of 1003 and 1430514.
59
Calculate the highest common factor of 1627824 and 3344.
176
What is the greatest common divisor of 240641723 and 21595?
4319
What is the highest common divisor of 14185449 and 162?
81
What is the highest common divisor of 44 and 6621307?
11
What is the highest common divisor of 13717 and 771893?
1247
Calculate the greatest common factor of 1954490 and 1980.
10
Calculate the greatest common divisor of 3277146 and 133774.
634
What is the greatest common divisor of 7835 and 1061791365?
7835
Calculate the highest common factor of 2052 and 4447656.
108
Calculate the highest common factor of 7839 and 1102023.
117
What is the greatest common factor of 21638 and 1200413?
31
What is the greatest common divisor of 595034664 and 2947?
2947
Calculate the greatest common divisor of 4842 and 17740012.
538
Calculate the greatest common divisor of 192545 and 236680.
485
What is the greatest common factor of 651 and 38116701?
651
Calculate the highest common factor of 1304190 and 1290.
1290
What is the highest common divisor of 408387135 and 12645?
4215
What is the highest common factor of 336 and 1268862?
42
Calculate the greatest common divisor of 856985974 and 4602.
1534
Calculate the greatest common divisor of 136432 and 14768.
16
Calculate the highest common factor of 80981 and 10152.
47
What is the greatest common divisor of 4232506701 and 5883?
5883
Calculate the highest common factor of 576 and 84626388.
36
What is the highest common divisor of 59705072 and 4011?
1337
What is the greatest common factor of 152988972 and 1812?
1812
What i